nder when 645886 is divided by 464.
462
Calculate the remainder when 28075 is divided by 286.
47
What is the remainder when 1452 is divided by 52?
48
Calculate the remainder when 767028 is divided by 48.
36
Calculate the remainder when 158232 is divided by 1055.
1037
Calculate the remainder when 5222 is divided by 486.
362
Calculate the remainder when 601679 is divided by 218.
217
Calculate the remainder when 1158623 is divided by 579305.
13
What is the remainder when 8452 is divided by 2098?
60
Calculate the remainder when 2640 is divided by 665.
645
What is the remainder when 4576 is divided by 1518?
22
What is the remainder when 2106 is divided by 410?
56
Calculate the remainder when 12532 is divided by 962.
26
Calculate the remainder when 459947 is divided by 646.
641
What is the remainder when 54228 is divided by 374?
372
Calculate the remainder when 413033 is divided by 206512.
9
Calculate the remainder when 38340 is divided by 94.
82
Calculate the remainder when 20808 is divided by 2598.
24
What is the remainder when 95723 is divided by 47?
31
What is the remainder when 3494 is divided by 97?
2
What is the remainder when 499204 is divided by 1069?
1050
Calculate the remainder when 2002 is divided by 334.
332
What is the remainder when 778358 is divided by 290?
288
What is the remainder when 382755 is divided by 382725?
30
Calculate the remainder when 512155 is divided by 75.
55
What is the remainder when 1025 is divided by 475?
75
What is the remainder when 4836536 is divided by 79?
77
What is the remainder when 51317 is divided by 39?
32
What is the remainder when 407547 is divided by 139?
138
Calculate the remainder when 9268 is divided by 1514.
184
What is the remainder when 30267 is divided by 22?
17
Calculate the remainder when 2088 is divided by 467.
220
What is the remainder when 32595 is divided by 4073?
11
Calculate the remainder when 16700 is divided by 2783.
2
What is the remainder when 180695 is divided by 93?
89
What is the remainder when 962431 is divided by 451?
448
What is the remainder when 5362 is divided by 1786?
4
Calculate the remainder when 99377 is divided by 5845.
12
What is the remainder when 25233 is divided by 340?
73
Calculate the remainder when 228163 is divided by 105.
103
What is the remainder when 5619 is divided by 1111?
64
Calculate the remainder when 285 is divided by 115.
55
What is the remainder when 8980 is divided by 199?
25
Calculate the remainder when 199 is divided by 23.
15
What is the remainder when 326 is divided by 34?
20
Calculate the remainder when 42457 is divided by 21195.
67
Calculate the remainder when 4737 is divided by 188.
37
What is the remainder when 362291 is divided by 362257?
34
What is the remainder when 1844 is divided by 473?
425
What is the remainder when 4097 is divided by 1350?
47
What is the remainder when 7208 is divided by 898?
24
What is the remainder when 33578 is divided by 23?
21
Calculate the remainder when 7919 is divided by 69.
53
Calculate the remainder when 69102 is divided by 138.
102
What is the remainder when 62642 is divided by 2610?
2
Calculate the remainder when 69962 is divided by 42.
32
Calculate the remainder when 2856 is divided by 2628.
228
Calculate the remainder when 89214 is divided by 347.
35
Calculate the remainder when 1527 is divided by 7.
1
Calculate the remainder when 53798 is divided by 26863.
72
What is the remainder when 70496 is divided by 13?
10
What is the remainder when 34278 is divided by 110?
68
What is the remainder when 4114 is divided by 118?
102
What is the remainder when 12109 is divided by 610?
519
What is the remainder when 818128 is divided by 103?
102
Calculate the remainder when 2971 is divided by 136.
115
What is the remainder when 243255 is divided by 60813?
3
Calculate the remainder when 5479 is divided by 612.
583
Calculate the remainder when 578896 is divided by 289442.
12
What is the remainder when 8141 is divided by 884?
185
Calculate the remainder when 598889 is divided by 73.
70
What is the remainder when 69218 is divided by 31?
26
What is the remainder when 4079 is divided by 78?
23
Calculate the remainder when 126530 is divided by 1332.
1322
What is the remainder when 2266 is divided by 891?
484
What is the remainder when 12542 is divided by 772?
190
Calculate the remainder when 45024 is divided by 1608.
0
Calculate the remainder when 5887 is divided by 1463.
35
Calculate the remainder when 12013 is divided by 4000.
13
What is the remainder when 14309 is divided by 21?
8
Calculate the remainder when 16772 is divided by 311.
289
Calculate the remainder when 15906 is divided by 269.
35
What is the remainder when 670 is divided by 34?
24
What is the remainder when 824331 is divided by 17?
1
Calculate the remainder when 114550 is divided by 19083.
52
What is the remainder when 810567 is divided by 94?
5
Calculate the remainder when 129085 is divided by 136.
21
What is the remainder when 3339 is divided by 41?
18
Calculate the remainder when 54323 is divided by 54278.
45
What is the remainder when 718 is divided by 618?
100
What is the remainder when 11783 is divided by 258?
173
What is the remainder when 150219 is divided by 167?
86
Calculate the remainder when 53375 is divided by 5925.
50
Calculate the remainder when 2331 is divided by 8.
3
Calculate the remainder when 2974 is divided by 583.
59
What is the remainder when 6731 is divided by 234?
179
What is the remainder when 12391 is divided by 180?
151
Calculate the remainder when 22102 is divided by 24.
22
What is the remainder when 13810 is divided by 2734?
140
Calculate the remainder when 111584 is divided by 43.
42
What is the remainder when 956935 is divided by 2334?
2329
Calculate the remainder when 1812 is divided by 441.
48
Calculate the remainder when 368 is divided by 335.
33
Calculate the remainder when 1834 is divided by 43.
28
Calculate the remainder when 8349 is divided by 2078.
37
Calculate the remainder when 64467 is divided by 1572.
15
What is the remainder when 34746 is divided by 243?
240
Calculate the remainder when 20788 is divided by 498.
370
Calculate the remainder when 34229 is divided by 11.
8
Calculate the remainder when 6509 is divided by 353.
155
What is the remainder when 24791 is divided by 441?
95
Calculate the remainder when 9075 is divided by 227.
222
What is the remainder when 223826 is divided by 44?
42
What is the remainder when 3114 is divided by 444?
6
Calculate the remainder when 26221 is divided by 403.
26
Calculate the remainder when 2445 is divided by 2402.
43
What is the remainder when 33167 is divided by 38?
31
Calculate the remainder when 20904 is divided by 411.
354
Calculate the remainder when 4793 is divided by 378.
257
Calculate the remainder when 16833 is divided by 91.
89
Calculate the remainder when 4643 is divided by 303.
98
Calculate the remainder when 71050 is divided by 5920.
10
What is the remainder when 2249 is divided by 725?
74
Calculate the remainder when 444628 is divided by 5170.
8
What is the remainder when 285 is divided by 89?
18
What is the remainder when 3466 is divided by 404?
234
What is the remainder when 4371 is divided by 246?
189
What is the remainder when 140598 is divided by 50?
48
What is the remainder when 1063 is divided by 456?
151
What is the remainder when 6177 is divided by 147?
3
What is the remainder when 240052 is divided by 10437?
1
What is the remainder when 2005 is divided by 13?
3
What is the remainder when 407737 is divided by 9482?
11
What is the remainder when 4479838 is divided by 1464?
1462
What is the remainder when 2624 is divided by 368?
48
What is the remainder when 95647 is divided by 2515?
77
What is the remainder when 1667 is divided by 1383?
284
Calculate the remainder when 166110 is divided by 83054.
2
What is the remainder when 15861 is divided by 7250?
1361
Calculate the remainder when 1068 is divided by 356.
0
Calculate the remainder when 90168 is divided by 12881.
1
What is the remainder when 1411 is divided by 222?
79
What is the remainder when 256451 is divided by 144?
131
Calculate the remainder when 80154 is divided by 10017.
18
What is the remainder when 285092 is divided by 95?
92
Calculate the remainder when 954 is divided by 21.
9
What is the 